s the tens digit of 207954?
5
What is the tens digit of 4362452?
5
What is the hundreds digit of 167111?
1
What is the ten millions digit of 15549164?
1
What is the ten thousands digit of 434271?
3
What is the ten thousands digit of 5760944?
6
What is the hundreds digit of 305218?
2
What is the thousands digit of 590007?
0
What is the millions digit of 9046935?
9
What is the tens digit of 12180601?
0
What is the hundreds digit of 13068598?
5
What is the thousands digit of 31307?
1
What is the units digit of 3402079?
9
What is the tens digit of 449799?
9
What is the hundreds digit of 297811?
8
What is the ten thousands digit of 9724017?
2
What is the hundreds digit of 171834?
8
What is the tens digit of 2980018?
1
What is the hundred thousands digit of 194960?
1
What is the ten thousands digit of 8638954?
3
What is the units digit of 166400?
0
What is the tens digit of 214764?
6
What is the units digit of 4083?
3
What is the hundreds digit of 621367?
3
What is the ten thousands digit of 16320224?
2
What is the hundred thousands digit of 988320?
9
What is the ten thousands digit of 16668874?
6
What is the hundred thousands digit of 698609?
6
What is the ten thousands digit of 2889713?
8
What is the tens digit of 4026675?
7
What is the hundred thousands digit of 211238?
2
What is the thousands digit of 1129969?
9
What is the units digit of 2897721?
1
What is the millions digit of 2765731?
2
What is the units digit of 4246?
6
What is the hundred thousands digit of 1724584?
7
What is the ten thousands digit of 3861225?
6
What is the tens digit of 187494?
9
What is the thousands digit of 1023258?
3
What is the hundred thousands digit of 5926628?
9
What is the thousands digit of 9865116?
5
What is the ten thousands digit of 3197373?
9
What is the ten thousands digit of 12521999?
2
What is the units digit of 282730?
0
What is the hundred thousands digit of 365807?
3
What is the tens digit of 88550?
5
What is the tens digit of 17321598?
9
What is the millions digit of 1305426?
1
What is the units digit of 81326?
6
What is the ten millions digit of 18976150?
1
What is the tens digit of 8750837?
3
What is the hundreds digit of 95824?
8
What is the ten thousands digit of 2360697?
6
What is the hundreds digit of 170965?
9
What is the tens digit of 9416?
1
What is the hundreds digit of 421069?
0
What is the ten thousands digit of 401493?
0
What is the tens digit of 6805?
0
What is the tens digit of 13893637?
3
What is the millions digit of 1226050?
1
What is the hundreds digit of 1098123?
1
What is the ten thousands digit of 240796?
4
What is the ten millions digit of 25105300?
2
What is the hundreds digit of 1080516?
5
What is the hundreds digit of 70921?
9
What is the millions digit of 3121812?
3
What is the hundred thousands digit of 656688?
6
What is the thousands digit of 1179809?
9
What is the units digit of 509172?
2
What is the hundreds digit of 328667?
6
What is the tens digit of 6423529?
2
What is the hundreds digit of 22445254?
2
What is the hundred thousands digit of 3104853?
1
What is the tens digit of 290204?
0
What is the tens digit of 227279?
7
What is the units digit of 2161298?
8
What is the hundred thousands digit of 29865867?
8
What is the hundred thousands digit of 5808943?
8
What is the hundred thousands digit of 105216?
1
What is the tens digit of 1342919?
1
What is the hundred thousands digit of 6472784?
4
What is the hundreds digit of 740764?
7
What is the tens digit of 10842387?
8
What is the units digit of 504259?
9
What is the thousands digit of 8660371?
0
What is the thousands digit of 89277?
9
What is the millions digit of 8524362?
8
What is the hundred thousands digit of 1139513?
1
What is the thousands digit of 584733?
4
What is the tens digit of 2224850?
5
What is the ten thousands digit of 132387?
3
What is the hundreds digit of 2694976?
9
What is the tens digit of 909126?
2
What is the ten thousands digit of 240946?
4
What is the hundreds digit of 1754425?
4
What is the ten thousands digit of 1335604?
3
What is the thousands digit of 834118?
4
What is the thousands digit of 3448602?
8
What is the thousands digit of 175751?
5
What is the hundred thousands digit of 197148?
1
What is the thousands digit of 628911?
8
What is the ten thousands digit of 229720?
2
What is the millions digit of 9388283?
9
What is the thousands digit of 471003?
1
What is the hundreds digit of 48397?
3
What is the thousands digit of 63071?
3
What is the hundreds digit of 3810868?
8
What is the tens digit of 2064111?
1
What is the thousands digit of 151504?
1
What is the hundred thousands digit of 782275?
7
What is the ten millions digit of 19108676?
1
What is the units digit of 35652?
2
What is the hundred thousands digit of 1007219?
0
What is the thousands digit of 17119595?
9
What is the units digit of 23287196?
6
What is the thousands digit of 10986164?
6
What is the hundred thousands digit of 9664287?
6
What is the ten thousands digit of 14185818?
8
What is the tens digit of 4478295?
9
What is the tens digit of 2837235?
3
What is the units digit of 518149?
9
What is the ten thousands digit of 751437?
5
What is the thousands digit of 1379895?
9
What is the hundreds digit of 211565?
5
What is the hundred thousands digit of 388482?
3
What is the hundreds digit of 3422990?
9
What is the units digit of 1910334?
4
What is the ten thousands digit of 21949542?
4
What is the hundreds digit of 3699327?
3
What is the hundred thousands digit of 655015?
6
What is the hundred thousands digit of 1931048?
9
What is the hundreds digit of 45694?
6
What is the hundreds digit of 173836?
8
What is the units digit of 111992?
2
What is the tens digit of 235394?
9
What is the hundreds digit of 65860?
8
What is the hundred thousands digit of 5921310?
9
What is the hundreds digit of 32660389?
3
What is the hundreds digit of 475770?
7
What is the units digit of 210265?
5
What is the hundreds digit of 5535361?
3
What is the thousands digit of 760998?
0
What is the units digit of 11211574?
4
What is the hundreds digit of 680476?
4
What is the hundred thousands digit of 712383?
7
What is the hundreds digit of 2655122?
1
What is the ten thousands digit of 295712?
9
What is the thousands digit of 565516?
5
What is the thousands digit of 501522?
1
What is the units digit of 21015?
5
What is the hundred thousands digit of 122209?
1
What is the thousands digit of 142792?
2
What is the thousands digit of 226210?
6
What is the hundreds digit of 2850779?
7
What is the thousands digit of 1307616?
7
What is the units digit of 2089157?
7
What is the tens digit of 141425?
2
What is the hundreds digit of 1526702?
7
What is the ten thousands digit of 414273?
1
What is the thousands digit of 6210527?
0
What is the ten thousands digit of 823982?
2
What is the millions digit of 8402044?
8
What is the tens digit of 25406279?
7
What is the tens digit of 3785654?
5
What is the millions digit of 2414844?
2
What is the millions digit of 1547251?
1
What is the ten thousands digit of 1561509?
6
What is the tens digit of 36436?
3
What is the ten thousands digit of 6653295?
5
What is the hundred thousands digit of 214079?
2
What is the ten thousands digit of 444353?
4
What is the tens digit of 959971?
7
What is the units digit of 12793442?
2
What is the tens digit of 119100?
0
What is the thousands digit of 690375?
0
What is the thousands digit of 50488?
0
What is the units digit of 1347185?
5
What is the ten thousands digit of 183136?
8
What is the ten millions digit of 17988666?
1
What is the tens digit of 1568949?
4
What is the hundreds digit of 24693349?
3
What is the hundreds digit of 188614?
6
What is the hundreds digit of 2689210?
2
What is the tens digit of 1688057?
5
What is the hundred thousands digit of 229218?
2
What is the tens digit of 7522686?
8
What is the units digit of 95793?
3
What is the ten thousands digit of 1182029?
8
What is the units digit of 1104014?
4
What is the ten thousands digit of 2856337?
5
What is the ten thousands digit of 24244?
2
What is the thousands digit of 29006?
9
What is the millions digit of 2421613?
2
What is the ten thousands digit of 195741?
9
What is the millions digit of 9726132?
9
What is the tens digit of 258167?
6
What is the units digit of 104